9
Let r(s) = 19*s**3 + 1102*s**2 - 7*s - 404. What is r(-58)?
2
Let a(q) = -q**3 - 12*q**2 + 34*q - 4. Calculate a(2).
8
Let r(p) = -5*p**3 - 20*p**2 - 56*p - 218. What is r(-4)?
6
Let p(f) = 9*f**3 + 33*f**2 - 4*f + 14. Give p(-4).
-18
Let s(f) = 39*f + 1101. What is s(-24)?
165
Let q(v) = -6*v**3 - 36*v**2 - v - 40. What is q(-6)?
-34
Let f(u) = 37*u**2 + 93*u + 23. What is f(-2)?
-15
Let s(g) = -69*g**2 - 9*g + 9. Give s(2).
-285
Let f(z) = -z**3 + 29*z**2 + 19*z + 194. Give f(30).
-136
Let x(a) = 2*a**2 + 74*a - 237. Determine x(-40).
3
Let o(b) = -b**3 + 3*b**2 - 7*b + 16. Give o(3).
-5
Let t(l) = l**3 - 25*l**2 - 48*l - 169. What is t(27)?
-7
Let u(s) = 3*s**3 + 47*s**2 - 17*s + 38. Determine u(-16).
54
Let v(h) = h**2 + 15*h - 67. What is v(3)?
-13
Let z(f) = -f**2 + 2*f + 38. Calculate z(11).
-61
Let l(c) = c**2 + 144*c - 2801. What is l(-162)?
115
Let z(p) = -2199*p + 24180. Determine z(11).
-9
Let d(o) = 82*o - 50. Give d(0).
-50
Let z(k) = 14*k**3 + 520*k**2 + 57*k - 624. What is z(-37)?
5
Let s(i) = -2*i**3 - 33*i**2 - 65*i + 138. Give s(-13).
-200
Let p(w) = 50*w - 2064. Determine p(43).
86
Let c(f) = 60*f + 1318. Determine c(-29).
-422
Let r(b) = -565*b + 9152. Determine r(16).
112
Let u(t) = -32*t - 41. Determine u(-3).
55
Let q(w) = -40*w - 157. What is q(11)?
-597
Let u(d) = -4*d + 33. What is u(-7)?
61
Let t(p) = p**3 + 14*p**2 - p - 207. Give t(0).
-207
Let w(d) = 92*d - 909. Determine w(12).
195
Let f(o) = 134*o + 16891. Give f(-126).
7
Let d(x) = -100*x + 306. Calculate d(3).
6
Let u(y) = 2*y**3 - 8*y**2 - 83*y + 2. Give u(-5).
-33
Let t(c) = c**2 - 24*c + 134. What is t(8)?
6
Let i(k) = -k**2 + 21*k + 100. Determine i(26).
-30
Let g(i) = -2*i**2 - 71*i - 418. Calculate g(-24).
134
Let t(g) = 9*g - 281. Determine t(31).
-2
Let f(o) = -49*o**2 + 83*o + 6. Give f(-3).
-684
Let l(u) = 215*u + 13145. Give l(-61).
30
Let b(k) = -101*k - 1115. Calculate b(-12).
97
Let v(y) = -226*y + 4279. Give v(19).
-15
Let k(r) = r**3 - 311*r**2 - 648*r + 6878. What is k(313)?
-8
Let r(k) = k**2 - 2*k + 19. What is r(11)?
118
Let r(g) = 8*g**2 + 136*g - 501. Calculate r(-20).
-21
Let x(r) = 7*r**2 + 130*r - 201. What is x(-20)?
-1
Let c(z) = 2*z**2 + 39*z - 1189. Determine c(16).
-53
Let b(r) = r**2 + 151*r + 1802. Determine b(-138).
8
Let a(u) = -2*u**2 - 36*u + 5. What is a(-18)?
5
Let q(t) = -2*t**2 - 5*t - 4. Calculate q(6).
-106
Let v(w) = -w**3 - 15*w**2 + 27*w + 45. What is v(-17)?
164
Let z(h) = -112*h - 686. Calculate z(-6).
-14
Let d(n) = 75539*n + 226619. Give d(-3).
2
Let h(o) = -o**2 + 116*o - 1066. What is h(10)?
-6
Let c(i) = -20*i**3 + i**2 + 4*i + 3. Calculate c(-2).
159
Let k(z) = 4*z**2 + 59*z - 44. Determine k(-14).
-86
Let t(l) = -14*l**3 - 98*l - 97. Calculate t(-1).
15
Let u(k) = -2*k - 7. Determine u(6).
-19
Let f(z) = 3*z**2 + 14*z + 28. Determine f(-6).
52
Let a(u) = -18*u - 575. Determine a(-26).
-107
Let j(r) = -21*r + 345. What is j(14)?
51
Let f(h) = -31*h - 955. Calculate f(-31).
6
Let p(q) = -17*q - 86. Determine p(3).
-137
Let u(d) = 1021*d + 89861. Determine u(-88).
13
Let x(p) = p**3 + 24*p**2 - 30*p - 110. What is x(-25)?
15
Let k(p) = -p**3 - 8*p**2 - 4*p - 51. Determine k(-8).
-19
Let c(u) = 183*u + 734. What is c(-4)?
2
Let v(f) = -13*f**3 - 442*f**2 + 38*f + 1282. Determine v(-34).
-10
Let y(b) = -b**2 + 133*b - 448. Determine y(130).
-58
Let u(c) = c**3 - 11*c**2 - 91*c - 3. Determine u(-6).
-69
Let v(s) = s**2 + 46*s - 2614. Calculate v(33).
-7
Let j(s) = -73*s - 160. What is j(7)?
-671
Let i(k) = 707*k + 704. Give i(-1).
-3
Let i(r) = -14*r**2 - 513*r - 4669. Give i(-17).
6
Let y(p) = p**3 + 8*p**2 - 51. Give y(-7).
-2
Let o(a) = 391*a - 5065. What is o(13)?
18
Let r(i) = i**2 - 211*i - 2099. Give r(-10).
111
Let s(u) = -1448*u - 13035. Give s(-9).
-3
Let o(k) = -23*k**2 + 11*k - 11. Give o(2).
-81
Let p(h) = -h**3 + 38*h**2 - 117*h + 378. Calculate p(35).
-42
Let i(d) = -3*d**2 - 127*d + 713. Give i(6).
-157
Let r(q) = 118*q + 205. Calculate r(0).
205
Let i(b) = -179*b - 756. What is i(-6)?
318
Let o(y) = -2*y**3 - 351*y**2 - 3771*y + 162. Give o(-164).
-2
Let w(o) = 18*o + 1514. Give w(-86).
-34
Let r(n) = 5367*n - 123443. Give r(23).
-2
Let l(p) = -p**3 - 62*p**2 + 196*p + 25. Calculate l(-65).
-40
Let c(y) = -4*y**3 - 216*y**2 + y - 128. Determine c(-54).
-182
Let y(m) = 56*m + 1863. Give y(-39).
-321
Let h(m) = -m**2 + 3*m - 11. What is h(-4)?
-39
Let m(n) = -n**2 + 57*n - 332. What is m(7)?
18
Let t(o) = -2274*o - 18242. Calculate t(-8).
-50
Let b(z) = 2*z**2 - 312*z + 3973. Calculate b(14).
-3
Let j(k) = -99*k + 11094. Calculate j(112).
6
Let o(u) = 9*u**2 - u + 23. Give o(-5).
253
Let r(t) = -1047*t + 7333. Calculate r(7).
4
Let v(i) = 14*i - 13. Calculate v(-1).
-27
Let f(x) = 416*x - 3416. Calculate f(8).
-88
Let u(r) = 55*r - 1577. Determine u(29).
18
Let s(i) = -i - 70. Determine s(-84).
14
Let t(m) = -m**3 + 32*m**2 + 41*m - 229. Calculate t(34).
-1147
Let u(w) = w**2 - 18*w + 91. Calculate u(9).
10
Let c(m) = -234*m + 1154. Give c(7).
-484
Let b(g) = g**2 - 81*g + 927. Calculate b(14).
-11
Let y(c) = 2*c**3 - 33*c**2 - 276*c - 34. Determine y(-6).
2
Let i(x) = 118*x - 3186. Calculate i(27).
0
Let s(y) = -8*y - 18. Give s(-8).
46
Let r(l) = 2*l**2 + 22*l + 9. Determine r(-5).
-51
Let m(i) = -2*i**3 - 41*i**2 + 84*i - 3. Give m(2).
-15
Let p(k) = k**3 - 15*k**2 + 11*k + 74. What is p(10)?
-316
Let b(o) = 205*o - 522. Calculate b(2).
-112
Let i(r) = r**3 + 67*r**2 + 54*r - 774. Determine i(-66).
18
Let b(u) = u**2 - 27*u - 28. Calculate b(29).
30
Let d(l) = 2*l**3 - 72*l**2 + 118*l - 1680. Give d(35).
0
Let d(m) = -m**3 + 16*m**2 + 65*m - 6. What is d(-4)?
54
Let k(x) = -3*x**3 - 4*x**2 - 10*x + 7. Determine k(-3).
82
Let w(y) = y**3 - 67*y**2 + 174*y + 1273. Determine w(64).
121
Let x(r) = r**3 + 157*r**2 + 1050*r + 142. What is x(-150)?
142
Let o(c) = -c**2 + 201*c - 1713. Give o(9).
15
Let x(k) = k**3 + 9*k**2 + 72*k + 357. What is x(-8)?
-155
Let v(q) = q**2 + 7*q - 90. Determine v(7).
8
Let i(a) = -62*a - 676. Give i(-11).
6
Let l(t) = t**3 - 8*t**2 - 33*t - 10. Give l(11).
-10
Let c(y) = -692*y + 4185. Give c(6).
33
Let q(h) = -2*h**3 + 183*h**2 + 90*h + 125. Determine q(92).
-59
Let h(l) = 288*l + 578. What is h(-2)?
2
Let u(k) = -k**3 + 4*k**2 + 15*k - 19. Determine u(3).
35
Let k(t) = -394*t - 392. Give k(-1).
2
Let z(v) = v**2 - 37*v - 92. Calculate z(40).
28
Let w(u) = -120*u - 631. Calculate w(-6).
89
Let y(a) = a**3 - 32*a**2 + 73*a - 3506. Determine y(33).
-8
Let l(b) = b**3 - 78*b**2 + 88*b - 1029. Calculate l(77).
-182
Let o(a) = a**2 - 124*a - 651. Determine o(-5).
-6
Let w(h) = -h**3 + 3*h**2 + 837*h - 2503. Give w(3).
8
Let v(s) = 2*s**3 - 2*s**2 - 11*s + 36. Calculate v(5).
181
Let q(i) = -i**2 + 77*i - 1342. What is q(53)?
-70
Let m(a) = 55122*a - 55116. Calculate m(1).
6
Let s(l) = 21*l**3 + 144*l**2 - 14*l + 47. Give s(-7).
-2
Let u(d) = -5*d**2 - 8*d - 24. Determine u(-5).
-109
Let f(j) = -10*j**2 + 137*j + 48. What is f(13)?
139
Let t(p) = 118*p**3 - p + 1. Give t(1).
118
Let h(v) = -207*v + 18635. What is h(90)?
5
Let v(t) = -t**2 + 2*t + 236. Determine v(-14).
12
Let c(g) = g**3 + 12*g**2 - 105*g - 45. Determine c(-18).
-99
Let n(d) = 8*d**2 + 62*d + 25. Calculate n(-7).
-17
Let o(f) = -12*f - 20. Determine o(8).
-116
Let r(q) = -q**2 + 12*q + 4. Determine r(-7).
-129
Let j(n) = n**3 - 11*n**2 + 8*n + 142. What is j(8)?
14
Let x(r) = -72*r + 472. Give x(7).
-32
Let r(w) = 14*w**2 + 189*w + 643. Calculate r(-6).
13
Let b(c) = 378*c - 107. Calculate b(0).
-107
Let n(x) = 2*x**2 - 121*x - 1273. What is n(-9)?
-22
Let q(k) = 41*k + 3731. Determine q(-92).
-41
Let d(u) = -9*u**2 - 2825*u + 326. Give d(-314).
12
Let x(i) = -12*i**2 + 6*i + 97. What is x(-6)?
-371
Let n(a) = 25*a**2 + 132*a + 5. What is n(-6)?
113
Let d(i) = -297*i - 55. Give d(2).
-649
Let v(w) = 264*w - 1578. Calculate v(6).
6
Let n(h) = -2*h**3 + 156*h**2 + 4*h - 322. What is n(78)?
-10
Let o(y) = 185*y - 2154. Give o(11).
-119
Let q(j) = -10*j**2 - 75*j - 5. What is q(-7)?
30
Let r(z) = z**2 + 144*z + 4712. Determine r(-94).
12
Let n(i) = -1835*i - 51376. What is n(-28)?
4
Let q(c) = 5*c**2 + 124*c - 232. Determine q(-27).
65
Let q(d) = -3*d**3 - 19*d**2 - 19*d - 3. Give q(0).
-3
Let d(i) = 21*